 4120?
0
What is the hundreds digit of 7761?
7
What is the ten thousands digit of 57696?
5
What is the thousands digit of 39241?
9
What is the ten thousands digit of 19892?
1
What is the units digit of 21108?
8
What is the hundreds digit of 821?
8
What is the thousands digit of 86862?
6
What is the units digit of 9465?
5
What is the units digit of 965?
5
What is the thousands digit of 1504?
1
What is the tens digit of 1461?
6
What is the tens digit of 658?
5
What is the tens digit of 186?
8
What is the thousands digit of 1499?
1
What is the tens digit of 3559?
5
What is the units digit of 1406?
6
What is the thousands digit of 3477?
3
What is the hundreds digit of 6844?
8
What is the tens digit of 70411?
1
What is the units digit of 1920?
0
What is the tens digit of 107241?
4
What is the hundreds digit of 26562?
5
What is the hundreds digit of 631?
6
What is the thousands digit of 5789?
5
What is the thousands digit of 25822?
5
What is the hundreds digit of 947?
9
What is the thousands digit of 6523?
6
What is the hundreds digit of 1594?
5
What is the hundreds digit of 4198?
1
What is the units digit of 42343?
3
What is the hundreds digit of 63054?
0
What is the hundreds digit of 2481?
4
What is the thousands digit of 49077?
9
What is the thousands digit of 2178?
2
What is the units digit of 182264?
4
What is the thousands digit of 9949?
9
What is the units digit of 7090?
0
What is the tens digit of 7527?
2
What is the hundreds digit of 15864?
8
What is the thousands digit of 1727?
1
What is the hundreds digit of 11218?
2
What is the tens digit of 1210?
1
What is the thousands digit of 41587?
1
What is the units digit of 787?
7
What is the hundreds digit of 729?
7
What is the hundreds digit of 2924?
9
What is the hundreds digit of 11426?
4
What is the ten thousands digit of 89768?
8
What is the hundreds digit of 632?
6
What is the thousands digit of 4605?
4
What is the units digit of 36803?
3
What is the hundreds digit of 434?
4
What is the hundreds digit of 30684?
6
What is the units digit of 470?
0
What is the hundreds digit of 14224?
2
What is the units digit of 8416?
6
What is the thousands digit of 11951?
1
What is the hundreds digit of 19308?
3
What is the thousands digit of 1309?
1
What is the hundreds digit of 14200?
2
What is the units digit of 208?
8
What is the ten thousands digit of 18111?
1
What is the units digit of 299?
9
What is the thousands digit of 30009?
0
What is the hundreds digit of 2471?
4
What is the units digit of 8838?
8
What is the hundreds digit of 21496?
4
What is the hundreds digit of 930?
9
What is the hundreds digit of 3181?
1
What is the units digit of 582?
2
What is the tens digit of 8359?
5
What is the hundreds digit of 1166?
1
What is the thousands digit of 13159?
3
What is the hundreds digit of 16707?
7
What is the tens digit of 155?
5
What is the thousands digit of 1458?
1
What is the tens digit of 286?
8
What is the tens digit of 4074?
7
What is the thousands digit of 133351?
3
What is the thousands digit of 115916?
5
What is the hundreds digit of 509?
5
What is the units digit of 132?
2
What is the ten thousands digit of 12817?
1
What is the units digit of 45104?
4
What is the ten thousands digit of 23759?
2
What is the units digit of 5582?
2
What is the ten thousands digit of 107581?
0
What is the tens digit of 37?
3
What is the hundreds digit of 37032?
0
What is the hundreds digit of 1814?
8
What is the hundreds digit of 6055?
0
What is the tens digit of 5327?
2
What is the thousands digit of 6604?
6
What is the hundreds digit of 1401?
4
What is the units digit of 5860?
0
What is the thousands digit of 53596?
3
What is the thousands digit of 9276?
9
What is the units digit of 34543?
3
What is the units digit of 777?
7
What is the tens digit of 765?
6
What is the tens digit of 49?
4
What is the tens digit of 1006?
0
What is the tens digit of 20733?
3
What is the tens digit of 3137?
3
What is the tens digit of 3695?
9
What is the units digit of 15029?
9
What is the hundreds digit of 6089?
0
What is the units digit of 676?
6
What is the hundreds digit of 11349?
3
What is the hundreds digit of 672?
6
What is the tens digit of 382?
8
What is the hundreds digit of 8477?
4
What is the hundreds digit of 1426?
4
What is the tens digit of 14380?
8
What is the tens digit of 3135?
3
What is the tens digit of 4010?
1
What is the units digit of 861?
1
What is the units digit of 728?
8
What is the units digit of 2082?
2
What is the ten thousands digit of 15733?
1
What is the hundreds digit of 11401?
4
What is the hundreds digit of 3200?
2
What is the hundreds digit of 2343?
3
What is the ten thousands digit of 45165?
4
What is the units digit of 4382?
2
What is the hundreds digit of 611?
6
What is the hundreds digit of 493?
4
What is the hundreds digit of 206?
2
What is the hundreds digit of 177?
1
What is the ten thousands digit of 17601?
1
What is the units digit of 52539?
9
What is the units digit of 11466?
6
What is the units digit of 2475?
5
What is the tens digit of 38711?
1
What is the tens digit of 17273?
7
What is the hundreds digit of 1822?
8
What is the hundreds digit of 9256?
2
What is the hundreds digit of 1010?
0
What is the ten thousands digit of 11755?
1
What is the tens digit of 351?
5
What is the thousands digit of 2588?
2
What is the units digit of 396?
6
What is the thousands digit of 1261?
1
What is the hundreds digit of 2711?
7
What is the units digit of 1416?
6
What is the hundred thousands digit of 115439?
1
What is the hundreds digit of 6505?
5
What is the ten thousands digit of 173103?
7
What is the ten thousands digit of 51336?
5
What is the hundreds digit of 602?
6
What is the units digit of 45292?
2
What is the tens digit of 162?
6
What is the hundreds digit of 8910?
9
What is the hundreds digit of 68943?
9
What is the units digit of 52887?
7
What is the tens digit of 235?
3
What is the units digit of 9464?
4
What is the hundreds digit of 5868?
8
What is the thousands digit of 100706?
0
What is the thousands digit of 1245?
1
What is the units digit of 5583?
3
What is the units digit of 24194?
4
What is the units digit of 1950?
0
What is the tens digit of 149886?
8
What is the tens digit of 34475?
7
What is the tens digit of 4077?
7
What is the tens digit of 1722?
2
What is the hundreds digit of 2997?
9
What is the ten thousands digit of 60743?
6
What is the units digit of 56245?
5
What is the hundreds digit of 955?
9
What is the tens digit of 1562?
6
What is the ten thousands digit of 13534?
1
What is the thousands digit of 2334?
2
What is the thousands digit of 21590?
1
What is the tens digit of 181?
8
What is the units digit of 4898?
8
What is the units digit of 10155?
5
What is the tens digit of 1255?
5
What is the tens digit of 3782?
8
What is the units digit of 36112?
2
What is the hundreds digit of 51012?
0
What is the ten thousands digit of 12016?
1
What is the thousands digit of 77576?
7
What is the units digit of 7234?
4
What is the hundreds digit of 122007?
0
What is the tens digit of 647?
4
What is the thousands digit of 1165?
1
What is the tens digit of 23117?
1
What is the hundreds digit of 441?
4
What is the tens digit of 6643?
4
What is the units digit of 407?
7
What is the units digit of 8095?
5
What is the hundreds digit of 3665?
6
What is the units digit of 26?
6
What is the tens digit of 3997?
9
What is the tens digit of 6040?
4
What is the tens digit of 30341?
4
What is the hundred thousands digit of 111089?
1
What is the tens digit of 91?
9
What is the tens digit of 378?
7
What is the tens digit of 24728?
2
What is the thousands digit of 48995?
8
What is the units digit of 19441?
1
What is the thousands digit of 4810?
4
What is the tens digit of 880?
8
What is the ten thousands digit of 10210?
1
What is the hundreds digit of 944?
9
What is the tens digit of 678?
7
What is the thousands digit of 11318?
1
What is the thousands digit of 1717?
1
What is the hundreds digit of 264?
2
What is the tens digit of 86272?
7
What is the thousands digit of 77078?
7
What is the thousands digit of 10805?
0
What is the units digit of 969?
9
What is the units digit of 47?
7
What is the tens digit of 4347?
4
What is the thousands digit of 11003?
1
What is the units digit of 4625?
